9c
In base 15, what is 8eae4 - 5?
8eade
In base 3, what is 12111010211122 + 11?
12111010211210
In base 13, what is b349a44 - -3?
b349a47
In base 2, what is 101100100 + -1100101010000?
-1011111101100
In base 5, what is 1 - -302431442?
302431443
In base 14, what is -1b888dd + 5?
-1b888d8
In base 8, what is -622 + 1052436?
1051614
In base 15, what is dab - 3a2b?
-2b70
In base 12, what is -b028b - 44?
-b0313
In base 4, what is -2 - -233010200?
233010132
In base 10, what is -50 + 127419?
127369
In base 4, what is 30233203302 + 1?
30233203303
In base 11, what is -6a519 - -77?
-6a452
In base 4, what is 2313331331 + 113?
2313332110
In base 10, what is 484146 - 86?
484060
In base 11, what is 1611022 + 3?
1611025
In base 8, what is 127 - 5664515?
-5664366
In base 10, what is -928 + 22223?
21295
In base 4, what is -12 - -133122313002?
133122312330
In base 5, what is 10 - 2240202412?
-2240202402
In base 3, what is 10102 + 1100112002?
1100122111
In base 12, what is -9629 + -86?
-96b3
In base 5, what is 3 + 123301442?
123302000
In base 6, what is 111355024 - -55?
111355123
In base 11, what is 76652 + -268?
76395
In base 7, what is 106 - 2451400?
-2451261
In base 15, what is -270 + -a45?
-cb5
In base 12, what is 3 + -6b8420b?
-6b84208
In base 6, what is -204 - 15202535?
-15203143
In base 12, what is b869 - -9236?
18aa3
In base 5, what is 1412022342 + 132?
1412023024
In base 8, what is 5657 - 375253?
-367374
In base 14, what is 0 - 288281?
-288281
In base 10, what is 24 - -1186066?
1186090
In base 10, what is -6592 - -74578?
67986
In base 15, what is -5d985 + -3?
-5d988
In base 13, what is -5 - -11a47a8?
11a47a3
In base 2, what is -11011011111 - 1111000001111?
-10010011101110
In base 4, what is -100 + -112113033?
-112113133
In base 13, what is -770c313 - 20?
-770c333
In base 8, what is -3025661 - -41?
-3025620
In base 12, what is -208401 - 28?
-208429
In base 2, what is 1000111 + -100111000110011011111?
-100111000110010011000
In base 9, what is 3305718 - 5?
3305713
In base 10, what is -59804 + -534?
-60338
In base 2, what is -10 - -1101111101000101101110?
1101111101000101101100
In base 12, what is -1b85235 - 1a?
-1b85253
In base 10, what is 157983055 - 0?
157983055
In base 2, what is -110010111101010010000011 - 0?
-110010111101010010000011
In base 3, what is 101022111210202 + -100?
101022111210102
In base 3, what is -1122001011000021220 - 0?
-1122001011000021220
In base 7, what is -44 - 25102126?
-25102203
In base 11, what is -78212 - -245?
-77a78
In base 15, what is -15e1c41 - e?
-15e1c50
In base 7, what is 3 - -11640211?
11640214
In base 11, what is 138 - -1464224?
1464361
In base 13, what is -35259b + 14?
-352587
In base 14, what is 23 + -1662d?
-1660a
In base 5, what is 42001 - 43031?
-1030
In base 14, what is 6 + -4190aa?
-4190a4
In base 8, what is -4 + 54126173?
54126167
In base 7, what is 2 - -2152541514?
2152541516
In base 6, what is -24533535 + -11154?
-24545133
In base 2, what is -1011001100111 + -11010110011?
-1110100011010
In base 5, what is -140110 + 144303?
4143
In base 16, what is -6 + 233d63d?
233d637
In base 5, what is 10 + 30213224?
30213234
In base 3, what is -10000100111 + 1010012022?
-1220011012
In base 11, what is -3674 + -315?
-3989
In base 16, what is 59c5 - -89?
5a4e
In base 2, what is -11000010010010001100011 + -10?
-11000010010010001100101
In base 9, what is -52 - -438071?
438018
In base 13, what is -1 + 9b5b19?
9b5b18
In base 11, what is 120320a8 - -3?
12032100
In base 4, what is 311330 + -121102?
130222
In base 12, what is 103 - 1762a37?
-1762934
In base 13, what is -581467c0 - 4?
-581467c4
In base 8, what is -1 - 4712217?
-4712220
In base 14, what is 10 - -106780?
106790
In base 16, what is 624 - -a8d?
10b1
In base 8, what is 31721 - 1325?
30374
In base 7, what is 221462235 - -20?
221462255
In base 10, what is -37191 - -219?
-36972
In base 10, what is 0 - -180266044?
180266044
In base 16, what is 3 + 6a9dea?
6a9ded
In base 11, what is -84 + 6705?
6631
In base 4, what is -10 - 100321132031?
-100321132101
In base 2, what is 11010100101010 - -1101110000001?
101000010101011
In base 7, what is 5131033 + -41?
5130662
In base 2, what is -10001010111001111 + 10111101?
-10001010100010010
In base 11, what is -5521326 - 2?
-5521328
In base 16, what is 4131 + -72?
40bf
In base 6, what is 3 - 51255520?
-51255513
In base 6, what is -112331003103 + -4?
-112331003111
In base 2, what is -10101001100000101001011 - -1?
-10101001100000101001010
In base 10, what is 5810 - -2975?
8785
In base 2, what is -101101001001011001 + 1010?
-101101001001001111
In base 8, what is 3 + 13723742?
13723745
In base 12, what is 1 + 1b807b?
1b8080
In base 8, what is 3272324 - 7?
3272315
In base 7, what is 11466052 + 10?
11466062
In base 15, what is -5d66854 - -3?
-5d66851
In base 10, what is -5243 + 129102?
123859
In base 15, what is 1130 + 2c3?
1403
In base 7, what is 6 + -635646544?
-635646535
In base 12, what is -2 - 1436aa82?
-1436aa84
In base 12, what is 9328 + -1078?
8270
In base 8, what is 1174 + 40661?
42055
In base 5, what is 442 + -2001032034?
-2001031042
In base 16, what is 20da1bb0 - -2?
20da1bb2
In base 5, what is -2 - 3121040?
-3121042
In base 16, what is 8 + -309e?
-3096
In base 8, what is -1576 - 164626?
-166424
In base 10, what is 592490 - 21?
592469
In base 7, what is 431445 + 6?
431454
In base 16, what is 29411 - -88?
29499
In base 9, what is -255 + -5115?
-5371
In base 11, what is -361 - -12070?
1180a
In base 9, what is 1333010 - 14?
1332885
In base 13, what is 4 + 1c7a8466?
1c7a846a
In base 5, what is -204202034421 - 3?
-204202034424
In base 7, what is 16023544366 + -1?
16023544365
In base 14, what is -133387c - 29?
-13338a7
In base 16, what is 10 - af7f48?
-af7f38
In base 2, what is 10 + -110010110100010111110010100?
-110010110100010111110010010
In base 7, what is 40 - -10222402?
10222442
In base 15, what is -3bcd - -138?
-3a95
In base 10, what is -127867765 - 2?
-127867767
In base 5, what is -23230440231 - -241?
-23230434440
In base 15, what is -339a73 + -1?
-339a74
In base 10, what is 0 + 2970213?
2970213
In base 6, what is -14032322 + -2411?
-14035133
In base 9, what is -267743 - 23?
-267766
In base 13, what is -155284a + 7?
-1552843
In base 11, what is -2 - 4a6325?
-4a6327
In base 11, what is 1365 - -10903?
12168
In base 15, what is 1a0 - 2d519?
-2d369
In base 6, what is -142 + 22420054?
22415512
In base 2, what is 101111000001010 - 1110?
101110111111100
In base 9, what is 13701721 - 4?
13701716
In base 8, what is 6 + 65472340?
65472346
In base 4, what is 313120231130 + 22?
313120231212
In base 12, what is 5 + -39366921?
-39366918
In base 8, what is 40170 + 2413?
42603
In base 12, what is 5b14507 + 4?
5b1450b
In base 8, what is -77314 + -626?
-100142
In base 16, what is 38815419 - 3?
38815416
In base 14, what is -17939 - -53c?
-173db
In base 2, what is -10111001000011001001 + 1001011?
-10111001000001111110
In base 14, what is 1562 + 107b1?
11d33
In base 5, what is 3 - -1310204402?
1310204410
In base 7, what is -40644242 - -1?
-40644241
In base 6, what is 123132402145 + -3?
123132402142
In base 5, what is 23 + 214224320?
214224343
In base 7, what is -12603 - 201156?
-214062
In base 10, what is -9 - 852587?
-852596
In base 2, what is -1001 - -100111000000000101000?
100111000000000011111
In base 6, what is 1402352320 - 100?
1402352220
In base 8, what is 13271373 - -4?
13271377
In base 3, what is -1220 + -201122102?
-201201022
In base 15, what is 5398e25 - 3?
5398e22
In base 10, what is -1755149 - -14?
-1755135
In base 11, what is 5 - 4a575921?
-4a575917
In base 5, what is -11122213 + 1233?
-11120430
In base 14, what is -8c + -4b859?
-4b907
In base 5, what is -3 - -443400402232?
443400402224
In base 6, what is -1505545 - 314?
-1510303
In base 13, what is -168ca7 + -39?
-169013
In base 15, what is -2 - 11addd?
-11ade0
In base 8, what is -124114144 + 12?
-124114132
In base 6, what is -40 - 2131523?
-2132003
In base 9, what is 162850318 - 1?
162850317
In base 8, what is 12500 + 5607?
20307
In base 9, what is 0 + 85434153?
85434153
In base 9, what is -6668078 - 5?
-6668084
In base 9, what is 542 + 401714?
402356
In base 10, what is -33 + -816124?
-816157
In base 14, what is -1631 - 8ca?
-211b
In base 4, what is 11 + -202321022221?
-202321022210
I